48*c + 255. Determine w(-11).
-53
Let r(x) = 536*x - 2154. What is r(4)?
-10
Let u(q) = 24*q**2 + 3*q - 69. What is u(-6)?
777
Let i(g) = 127*g - 18. Calculate i(2).
236
Let w(o) = o**2 + 32*o - 146. Calculate w(4).
-2
Let i(s) = -2*s**3 + 39*s**2 - 21*s + 14. Give i(19).
-24
Let n(s) = -5*s**2 - 88*s - 244. Calculate n(-14).
8
Let x(f) = -31*f**2 - 182*f + 27. Determine x(-6).
3
Let m(x) = -14*x**2 + x + 26. Determine m(-4).
-202
Let o(c) = c**3 - c**2 - 52*c + 34. Give o(-8).
-126
Let x(u) = 15*u - 283. Give x(19).
2
Let g(z) = z**2 + 134*z + 2055. Give g(-116).
-33
Let t(j) = -18*j - 1322. Give t(-72).
-26
Let j(y) = -y**3 + y**2 - 34*y + 352. What is j(6)?
-32
Let t(d) = 58*d - 1020. What is t(8)?
-556
Let j(n) = n**3 + 149*n**2 - 130*n + 3065. What is j(-150)?
65
Let w(c) = 3*c + 83. Give w(-16).
35
Let n(t) = 2*t**2 + 38*t - 1213. What is n(-36)?
11
Let j(m) = -2*m**3 + 3*m**2 + 9*m + 8. Determine j(0).
8
Let y(u) = -u**2 + 8*u + 29. What is y(-4)?
-19
Let h(p) = p**3 - p**2 - 18*p - 27. What is h(-3)?
-9
Let f(i) = -21*i + 1441. Give f(68).
13
Let r(z) = 88*z - 529. Determine r(6).
-1
Let y(i) = -95*i + 1812. Give y(19).
7
Let a(t) = 212*t - 1690. Determine a(8).
6
Let g(p) = p**3 + 76*p**2 - 82*p + 173. Determine g(-77).
558
Let u(m) = 10*m**2 - 47*m + 35. Determine u(4).
7
Let f(i) = i**3 - 52*i**2 - 537*i - 711. Give f(61).
21
Let n(g) = 3*g**3 + 26*g**2 + 58*g + 167. Determine n(-7).
6
Let x(n) = 14*n - 967. What is x(63)?
-85
Let h(g) = 6*g**2 + 22*g + 39. What is h(-8)?
247
Let l(v) = v**3 - 6*v**2 + 11*v - 43. What is l(6)?
23
Let k(u) = 4*u**2 + 32*u + 10. Give k(-10).
90
Let k(r) = -r**2 + 135*r + 394. Give k(138).
-20
Let a(d) = d**3 + 12*d**2 - 13*d - 6. Calculate a(-14).
-216
Let w(y) = -2*y**2 - 283*y - 5063. Determine w(-21).
-2
Let n(k) = -k**2 + 20*k + 195. Calculate n(-5).
70
Let k(v) = -v**3 - 7*v**2 - 30*v - 60. Determine k(-4).
12
Let i(n) = 2*n**2 + 89*n + 354. Determine i(-40).
-6
Let y(f) = -1393*f + 13994. Give y(10).
64
Let f(o) = -6*o**3 + 3*o**2 - 7*o + 4. What is f(1)?
-6
Let x(n) = n**2 - 22*n + 132. Calculate x(14).
20
Let l(h) = -7*h**2 + 237*h + 34. Calculate l(34).
0
Let c(g) = 2859*g - 4. Give c(0).
-4
Let f(b) = 32*b + 792. Determine f(-25).
-8
Let k(t) = -25*t**3 + t**2 + 7*t + 6. What is k(-1)?
25
Let g(v) = 15*v - 747. Determine g(52).
33
Let u(r) = -463*r - 8375. Give u(-18).
-41
Let u(z) = 2*z**2 + 45*z + 220. What is u(-15)?
-5
Let p(r) = -2*r**2 - 153*r + 986. Calculate p(6).
-4
Let m(x) = -3*x**3 + 82*x**2 - 493*x - 14. Determine m(9).
4
Let z(y) = 7*y**3 - 90*y**2 - 101*y - 7. What is z(14)?
147
Let p(w) = -2*w**2 - 17*w + 20. Give p(6).
-154
Let i(y) = 2*y**2 + 100*y - 555. Give i(-55).
-5
Let x(s) = -27*s - 140. Calculate x(-5).
-5
Let p(f) = 82*f - 312. Calculate p(4).
16
Let a(c) = -2*c**2 + 42*c - 237. Determine a(12).
-21
Let h(c) = -4*c**2 + 160*c - 148. Calculate h(39).
8
Let h(x) = 12*x**2 - 79*x + 75. Determine h(1).
8
Let j(a) = 13*a - 247. Give j(19).
0
Let u(a) = -791*a**2 - 15816*a + 81. Determine u(-20).
1
Let w(h) = 787*h - 283. Calculate w(0).
-283
Let g(b) = b**3 + 12*b**2 + 51*b + 567. Determine g(-13).
-265
Let s(g) = -g**2 - 45*g - 362. Determine s(-29).
102
Let q(f) = -f**3 + 10*f**2 + 14*f + 4. Determine q(10).
144
Let x(m) = 378*m - 6840. What is x(18)?
-36
Let p(m) = 101*m + 282. Calculate p(-2).
80
Let k(f) = -6*f**3 - 37*f**2 + 23. Calculate k(-6).
-13
Let s(z) = z**2 - 140*z + 1866. What is s(125)?
-9
Let t(u) = 161*u + 18514. Calculate t(-115).
-1
Let n(w) = 2*w**2 - 85*w + 811. Give n(25).
-64
Let k(g) = -g**3 + 29*g**2 - 212*g + 217. What is k(19)?
-201
Let x(z) = 3*z**3 - 9*z**2 + 4*z. What is x(4)?
64
Let v(s) = -173*s + 1350. Calculate v(8).
-34
Let h(l) = l**3 - 238*l**2 - 245*l + 1455. What is h(239)?
21
Let r(f) = -41*f - 3593. Give r(-88).
15
Let w(x) = -3*x**2 + 178*x - 2647. Calculate w(29).
-8
Let h(u) = u - 108. What is h(22)?
-86
Let p(l) = -3*l**2 + 132*l - 1206. Calculate p(13).
3
Let j(o) = -o**3 - 4*o**2 + 6*o + 15. Calculate j(-3).
-12
Let n(a) = -39*a - 1476. Determine n(-38).
6
Let o(f) = 2*f**2 - 320*f + 7186. Determine o(133).
4
Let p(l) = l**2 - 54*l + 77. Calculate p(53).
24
Let g(q) = -3*q**3 - 17*q**2 - 10*q + 42. Give g(-4).
2
Let w(o) = -o**3 + 17*o**2 - 27*o. Give w(16).
-176
Let s(y) = 46*y**2 - 134*y - 2. Determine s(3).
10
Let k(f) = -9*f**2 - 371*f + 375. Give k(1).
-5
Let b(t) = -t**2 - 29*t - 203. Determine b(-9).
-23
Let c(q) = -11*q**2 + 183*q - 17. Determine c(16).
95
Let c(p) = -p**3 + 4*p**2 - 22*p + 307. Calculate c(7).
6
Let c(n) = -50*n + 30. What is c(3)?
-120
Let t(n) = n**2 + 50*n - 135. Calculate t(-55).
140
Let f(b) = b**2 + 122*b - 1457. Determine f(11).
6
Let r(m) = -6*m**3 + 542*m**2 + 362*m + 197. Determine r(91).
15
Let v(n) = 26*n + 174. Determine v(-5).
44
Let j(o) = -3*o**3 - 139*o**2 - 49*o - 71. Determine j(-46).
67
Let t(h) = -h**3 + 117*h**2 + 369*h - 1086. Determine t(120).
-6
Let h(n) = -82*n - 191. What is h(-5)?
219
Let a(y) = 18*y**2 + 428*y - 105. Determine a(-24).
-9
Let m(l) = 58*l + 551. Determine m(-12).
-145
Let i(f) = -14*f + 122. Determine i(10).
-18
Let l(h) = h**2 + 33*h + 121. Calculate l(-30).
31
Let u(w) = -2*w**2 - 6*w - 4. What is u(3)?
-40
Let d(h) = -2*h**2 + 246*h - 970. Give d(4).
-18
Let m(p) = 3*p**2 + 288*p + 3838. Determine m(-16).
-2
Let i(r) = -2*r**2 - 39*r + 220. Give i(14).
-718
Let o(r) = -2*r**3 + 27*r**2 - 16*r + 45. Determine o(14).
-375
Let a(m) = 93*m**2 + 284*m + 40. Determine a(-3).
25
Let b(n) = -3*n**3 - 40*n**2 + 112*n + 1927. What is b(-12)?
7
Let b(p) = -p**3 - 22*p**2 - 26*p - 33. Determine b(-21).
72
Let b(k) = -k**3 - 4*k**2 + 20*k - 24. Calculate b(-10).
376
Let l(r) = -r**3 + 16*r**2 - 86*r + 618. Give l(13).
7
Let d(n) = -54*n - 152. Give d(3).
-314
Let a(i) = -i**3 + 24*i**2 - 47*i - 350. Give a(21).
-14
Let q(p) = p**3 + 22*p**2 + 26*p - 31. Calculate q(-21).
-136
Let d(q) = 2*q**2 - 50*q + 441. Give d(12).
129
Let s(d) = -471*d - 35324. Determine s(-75).
1
Let f(o) = 2*o**2 - 23*o - 252. What is f(-7)?
7
Let s(x) = -6*x**2 + 64*x - 300. Give s(5).
-130
Let r(t) = -263*t - 1065. Give r(-4).
-13
Let x(y) = 5077*y + 35576. Calculate x(-7).
37
Let r(c) = -c**3 + 13*c**2 - 18*c + 25. Give r(11).
69
Let n(s) = -5*s**2 + 4*s - 4. Give n(1).
-5
Let p(j) = -7*j**2 - 301*j + 312. Give p(-44).
4
Let j(k) = 33*k**3 + 2*k + 1. Calculate j(-1).
-34
Let c(z) = 4*z**3 - 28*z**2 + 5. Determine c(7).
5
Let t(l) = 5995*l - 5950. Calculate t(1).
45
Let y(p) = 10*p**3 - 4*p**2 + 5*p - 19. Calculate y(2).
55
Let a(n) = -2*n**3 + 5*n**2 - 4*n + 22. What is a(3)?
1
Let k(p) = -65*p + 214. Calculate k(8).
-306
Let d(a) = 2*a**3 + 36*a**2 + 165*a + 32. Determine d(-9).
5
Let g(z) = 1062*z + 9. Calculate g(0).
9
Let c(o) = -o**3 + 50*o**2 + 399*o + 93. Give c(57).
93
Let l(d) = -d**3 + 37*d**2 - 291*d - 19. What is l(22)?
839
Let v(t) = -t**3 - 45*t**2 + 823*t - 174. What is v(-59)?
3
Let g(p) = p**3 - 130*p**2 - 134*p + 395. Give g(131).
2
Let r(s) = 31*s - 27. Determine r(2).
35
Let l(k) = -18*k**3 - 7*k**2 - 4*k + 2. Determine l(-1).
17
Let z(c) = 56*c - 243. Give z(4).
-19
Let o(k) = -k**2 + 25*k + 19. Determine o(26).
-7
Let n(b) = 7*b - 331. Give n(-14).
-429
Let i(w) = -2*w**3 - 87*w**2 - 43*w + 36. Determine i(-43).
36
Let p(l) = 4*l**2 + l + 9. Give p(-5).
104
Let o(u) = -u**3 + 9*u**2 + 4*u + 17. Give o(7).
143
Let c(p) = -18*p + 475. What is c(26)?
7
Let r(v) = 24*v**2 - 40*v + 65. Determine r(2).
81
Let r(i) = i**3 + 221*i**2 - 1624*i - 6389. What is r(-228)?
-5
Let j(i) = i**2 + 16*i + 80. What is j(-10)?
20
Let y(q) = -18*q + 144. What is y(16)?
-144
Let y(f) = f**2 + 17*f - 65. Determine y(3).
-5
Let s(m) = 86*m - 718. What is s(8)?
-30
Let m(i) = 56*i + 281. Give m(-9).
-223
Let l(t) = -t**3 + 10*t**2 + 62*t - 628. What is l(8)?
-4
Let s(b) = b**3 - 14*b**2 - 59*b + 6. What is s(-4)?
-46
Let p(l) = 3*l**3 - 13*l**2 + 8*l - 70. Calculate p(6).
158
Let x(t) = 1649*t - 6589. Give x(4).
7
Let w(k) = -k**3 + 5*k**2 + 383*k - 1884. Determine w(5).
31
Let b(q) = 3*q**3 + 78*q**2 + 6*q + 179. Determine b(-26).
23
Let b(f) = 3*f**3 + 37*f**2 + 8*f - 52. Determine b(-12).
-4
Let l(y) = 35*y + 944. Calculate l(-27).
-1
Let w(a) = -a**3 - 68*a**2 - 1033*a + 115. Determ